{"id":3,"date":"2010-03-27T01:22:21","date_gmt":"2010-03-27T00:22:21","guid":{"rendered":"http:\/\/netmex.ch\/fog\/?page_id=3"},"modified":"2020-08-21T20:46:19","modified_gmt":"2020-08-21T19:46:19","slug":"fog","status":"publish","type":"page","link":"https:\/\/fricktaleroffiziere.ch\/?page_id=3","title":{"rendered":"FOG"},"content":{"rendered":"<p>Die Fricktalische Offiziersgesellschaft (FOG) ist die lokale Sektion der Aargauischen Offiziersgesellschaft f\u00fcr die Bezirke Rheinfelden und Laufenburg. Sie bezweckt die F\u00f6rderung der ausserdienstlichen milit\u00e4rischen Weiterbildung ihrer Mitglieder, sowie die Pflege von Kameradschaft und soldatischer Gesinnung. Die Gesellschaft ist politisch und konfessionell neutral. Mitglied der Gesellschaft kann jeder werden, der die Offiziersausbildung der Schweizer Armee erfolgreich absolviert und einen Bezug zum Fricktal hat.<\/p>\n<p>Unser Konto bei der<br \/>\nRaiffeisenbank Regio Frick<br \/>\nCH31 8080 8001 9870 0118 7<strong><br \/>\n<\/strong><\/p>\n","protected":false},"excerpt":{"rendered":"<p>Die Fricktalische Offiziersgesellschaft (FOG) ist die lokale Sektion der Aargauischen Offiziersgesellschaft f\u00fcr die Bezirke Rheinfelden und Laufenburg. Sie bezweckt die F\u00f6rderung der ausserdienstlichen milit\u00e4rischen Weiterbildung ihrer Mitglieder, sowie die Pflege von Kameradschaft und soldatischer Gesinnung. Die Gesellschaft ist politisch und &hellip; <a href=\"https:\/\/fricktaleroffiziere.ch\/?page_id=3\">Weiterlesen <span class=\"meta-nav\">&rarr;<\/span><\/a><\/p>\n","protected":false},"author":28,"featured_media":0,"parent":0,"menu_order":0,"comment_status":"closed","ping_status":"open","template":"","meta":{"_monsterinsights_skip_tracking":false,"_monsterinsights_sitenote_active":false,"_monsterinsights_sitenote_note":"","_monsterinsights_sitenote_category":0,"_s2mail":"yes","footnotes":""},"class_list":["post-3","page","type-page","status-publish","hentry"],"_links":{"self":[{"href":"https:\/\/fricktaleroffiziere.ch\/index.php?rest_route=\/wp\/v2\/pages\/3","targetHints":{"allow":["GET"]}}],"collection":[{"href":"https:\/\/fricktaleroffiziere.ch\/index.php?rest_route=\/wp\/v2\/pages"}],"about":[{"href":"https:\/\/fricktaleroffiziere.ch\/index.php?rest_route=\/wp\/v2\/types\/page"}],"author":[{"embeddable":true,"href":"https:\/\/fricktaleroffiziere.ch\/index.php?rest_route=\/wp\/v2\/users\/28"}],"replies":[{"embeddable":true,"href":"https:\/\/fricktaleroffiziere.ch\/index.php?rest_route=%2Fwp%2Fv2%2Fcomments&post=3"}],"version-history":[{"count":6,"href":"https:\/\/fricktaleroffiziere.ch\/index.php?rest_route=\/wp\/v2\/pages\/3\/revisions"}],"predecessor-version":[{"id":7144,"href":"https:\/\/fricktaleroffiziere.ch\/index.php?rest_route=\/wp\/v2\/pages\/3\/revisions\/7144"}],"wp:attachment":[{"href":"https:\/\/fricktaleroffiziere.ch\/index.php?rest_route=%2Fwp%2Fv2%2Fmedia&parent=3"}],"curies":[{"name":"wp","href":"https:\/\/api.w.org\/{rel}","templated":true}]}}